4 - 4/(8/6). Let j = n - -62. Calculate the greatest common divisor of j and 5.
5
Suppose 4*d + 28 = -68. Let m = -16 - d. Let a(o) = o**3 - 7*o**2 - 4*o + 7. Let j be a(m). Calculate the greatest common divisor of 13 and j.
13
Suppose 0 = 4*j - 20 + 56. Let b(m) = -23*m - 1. Let f be b(j). Suppose -q = 3*a - f, 3*q + 100 = 4*a - 166. Calculate the greatest common factor of 17 and a.
17
Suppose 3*x = 4*i - 19, x + 17 = 4*i - 0. What is the highest common factor of 16 and i?
4
Suppose g - 2*x + 3*x = 59, -274 = -5*g + 2*x. What is the highest common factor of 8 and g?
8
Let s(j) = 2*j**2 + j - 1. Let g = -8 - -6. Let u be s(g). Calculate the highest common factor of u and 15.
5
Let o(y) = 8*y - 6. Let q be o(4). Let l = -14 - -27. Calculate the highest common divisor of q and l.
13
Let j(g) = -g**2 + 9*g - 6. Let z be j(8). Suppose 0 = z*o - 3*t - 163, -t - 234 = -2*o - o. Calculate the greatest common factor of o and 7.
7
Let m(w) = -w**2 - 14*w - 19. Let s be m(-5). Let l be 26/(-1 + 10/6). What is the greatest common divisor of s and l?
13
Suppose -5*n = -3*v - 40 - 26, 0 = -3*n + v + 42. Suppose -3*i = -4*i. Suppose 4*q + 50 - 710 = i. What is the highest common factor of q and n?
15
Let r = 83 + 30. Let u = 163 - r. Calculate the greatest common divisor of 10 and u.
10
Suppose -a = 2*a + 9, -5*z = -3*a - 579. What is the greatest common divisor of z and 19?
19
Suppose 0 = -3*g + 7*g - 12. Let j(w) = -g*w + 2*w + 2*w. Let o be j(4). What is the highest common divisor of 4 and o?
4
Let l(m) = 2*m**3 - 4*m**2 + 3*m - 4. Let p be l(3). What is the greatest common divisor of p and 92?
23
Suppose 2*m - 14 = -6. Suppose -g = m*a - 334, a = -3*g + 2*g + 82. What is the greatest common divisor of a and 21?
21
Let v(d) = 37*d - 18. Let b be v(6). Calculate the greatest common factor of 34 and b.
34
Let k = 69 + -41. What is the greatest common factor of k and 14?
14
Let p be (-6)/4*(-440)/15. Calculate the greatest common divisor of 11 and p.
11
Let o(v) = v**3 - 2*v**2 - 3*v + 2. Let a be o(3). Let z be -3 + a/2 - -2. Suppose 4*n + 0*n - 12 = z. Calculate the greatest common divisor of 6 and n.
3
Let i be (7/(-2))/((-1)/28). Let t = 138 - i. Suppose 0 = f + 4*c + 15, -4*f - 3*c + 45 = -8*c. Calculate the highest common factor of f and t.
5
Let b(f) = -f**3 + 9*f**2 + 18*f + 10. Let v be b(-5). Calculate the greatest common factor of 30 and v.
30
Let r(m) = -6*m + 107. Let a be r(16). Calculate the highest common factor of 121 and a.
11
Let d(x) = -19*x + 10*x + 11*x + 4. Suppose 5*t - t = 20. Let u be d(t). What is the highest common factor of u and 56?
14
Let r = -20 - -35. Let f be (-181)/(-4) - 1/4. What is the greatest common factor of r and f?
15
Let q(c) be the second derivative of -c**5/20 + c**4 - 5*c**3/2 + 15*c**2/2 - c. Let n be q(10). Calculate the highest common divisor of 13 and n.
13
Let s = -19 + 33. Suppose 0 = 10*k - 12*k + 196. What is the highest common divisor of s and k?
14
Let b(h) = 2*h**3 - h**2 - 2*h + 1. Let c be b(5). What is the highest common divisor of 27 and c?
27
Suppose 4*t = -j + 160, 5*j + 29 = t - 11. What is the greatest common divisor of 5 and t?
5
Let k be (23/38 - (-4)/(-38))*4. What is the highest common factor of 46 and k?
2
Suppose -2*y + 11 = -25. Let k(b) = b**2 + b + 1. Let x be k(-2). What is the highest common divisor of y and x?
3
Let l(a) = a**3 - 3*a**2 - 4*a + 5. Let j be l(4). Let q(t) = -t**3 + 5*t**2 + 4*t - 7. Let b be q(j). Calculate the greatest common divisor of 13 and b.
13
Let d = -79 + 116. Calculate the greatest common divisor of 370 and d.
37
Suppose b - 2*b + 3 = 0, -2*b = j - 10. Let y be (34/(-51))/(j/(-66)). What is the greatest common divisor of y and 88?
11
Suppose 0 = -2*l + 4, 3*l + 507 = 5*w + 18. Calculate the highest common factor of w and 9.
9
Let u(o) = o + 5. Let g be u(-8). Let p(r) = -r. Let b be p(g). Suppose 0 = l + 3*l - b*s - 48, -20 = 5*s. What is the greatest common factor of 63 and l?
9
Let o be 1*-42*8/(-6). Let i be -1 - -12 - (-4)/(12/9). What is the highest common factor of i and o?
14
Let u = 1 - -1. Let g = 29 - 41. Let h be g/5*(-45)/6. What is the highest common factor of u and h?
2
Let t = -18 + 10. Let o = 10 + t. Calculate the greatest common divisor of o and 22.
2
Suppose 0 = -3*u - 4*u + 28. What is the highest common factor of u and 28?
4
Let d = 8 + 1. What is the highest common divisor of d and 99?
9
Let m be (2 - (1 + 1))/1. Suppose -5*q - 19 - 6 = m. Let b = 29 + q. What is the greatest common factor of 240 and b?
24
Let i be (1 + (-1)/(-3))*-60. Let r = i + 160. Suppose 2*j - 5*v - 2 - 23 = 0, -3*j + 27 = 3*v. What is the highest common divisor of r and j?
10
Suppose 0*z = 5*z - 115. What is the highest common factor of z and 207?
23
Let c be (-2 + -13)/(6/16). Let i be -1*4*230/c. What is the highest common divisor of 184 and i?
23
Let t be (2/3)/((-8)/(-288)). Suppose 0 = -2*y - f - 3 + 9, 5*y + 5*f = 15. What is the greatest common divisor of t and y?
3
Let u be 2 + 0 - -1*8. Let x(f) = f**3 - 10*f**2 + 2*f - 6. Let b be x(u). What is the highest common divisor of 14 and b?
14
Let j(h) = -2*h - 3. Let q be j(-8). Suppose -2*m - q = 2*r - 115, 2*m + 168 = 3*r. What is the greatest common factor of r and 27?
27
Let a be (-1 + -1)/(4/(-10)). Let j(g) = -g**3 + 5*g**2 + g + 3. Let c be j(a). Let m = 10 + 2. What is the greatest common divisor of c and m?
4
Let x(p) = 0 - p**3 - 4*p**3 - 3 + 4*p - 2*p**2. Let m be x(3). Let u be m/(-3) - 0/2. What is the greatest common factor of u and 6?
6
Let n(k) = 39*k - 2. Let x be n(4). Calculate the greatest common divisor of x and 14.
14
Suppose v - 27 + 0 = 0. Let h = -5 + 9. Suppose h = a + 1. What is the greatest common factor of a and v?
3
Let g(b) = -b**3 + 7*b**2 + 18*b - 6. Let s be g(7). What is the highest common divisor of s and 40?
40
Suppose 6*t = 10*t - 396. What is the highest common factor of 11 and t?
11
Let v(l) be the first derivative of -9*l**2/2 - 3*l - 3. Let y be v(-7). What is the greatest common divisor of y and 12?
12
Let k = -1 - -11. Calculate the highest common factor of 50 and k.
10
Suppose -5*w + 2 = -x - 21, 5*x + 5*w - 35 = 0. Let y be (3 - 2)/((-2)/(-50)). Suppose -y = -x*p + 5. Calculate the greatest common divisor of 10 and p.
5
Let h(d) = d + 6. Let g = 10 + -15. Let n be h(g). Let s(m) = 7*m**3 - m + 1. Let i be s(n). Calculate the highest common divisor of i and 35.
7
Let d(p) = -p**3 + p**2 - p - 4. Let m be d(-4). Let s be (66/(-9))/(4/30). Let h = s + m. What is the highest common factor of 75 and h?
25
Let b(a) = a**3 + 7*a**2 - 10*a - 14. Let f be b(-8). Suppose -c - 4*c = 0. Let q(l) = l + 1. Let n be q(c). What is the highest common divisor of f and n?
1
Let h be (-1 + 0)/(-3*(-4)/(-444)). Calculate the highest common factor of h and 333.
37
Let l be 2*5/(-2 + 1). Let y(w) = -5*w - 7. Let a be y(l). Suppose -5*x = i + 18, 4*i + 0*i - 3*x = a. Calculate the greatest common factor of 1 and i.
1
Let z(m) = m - 4. Let r be ((-2 - 0) + 0)*-3. Let t be z(r). Suppose 179 = -5*x + t*y + 419, 5*y + 144 = 3*x. What is the greatest common divisor of x and 12?
12
Suppose -3*g = -2*g - 1, 37 = 2*y - 5*g. Let s = -12 + y. Let w be 18*(-6)/(-8)*6. What is the greatest common divisor of w and s?
9
Let q(g) = 35*g**2 + 9*g - 29*g**2 - 3*g**3 + 6 + 2*g**3. Let o be q(7). What is the highest common divisor of o and 10?
10
Let p be 3/2 - (-1)/2. Let v be (5/10)/(p/52). What is the greatest common factor of 52 and v?
13
Let j be 7231/63 + (-8)/(-36). What is the highest common divisor of j and 46?
23
Suppose -3*t + 2*t + 28 = -o, -2*t + o = -55. Calculate the greatest common factor of t and 18.
9
Suppose 3*l = -3*q + 4*q - 15, -2*l = -5*q + 49. Calculate the highest common divisor of q and 63.
9
Let n(a) = 92*a**3 - 2*a + 1. Let w be n(1). Suppose 89 = -5*r - w. Let b be r*(-2 + 3/9). What is the highest common divisor of b and 24?
12
Let y(i) = 10*i - 2. Let x be y(-3). Let l be x/(-8)*26/8. Calculate the greatest common factor of l and 52.
13
Let c(s) = s - 2. Let w be c(6). Let h = w + 20. Let q = h + 102. What is the highest common divisor of 18 and q?
18
Let g(y) = -5*y - 11. Let v be -4*(-6)/(-4) - 0. Let c be g(v). Calculate the highest common factor of c and 76.
19
Le